 37619 a composite number?
False
Is 17497 composite?
False
Is 154743 prime?
False
Is 44819 composite?
False
Is 7661 prime?
False
Is 127031 a composite number?
False
Is 1608239 a composite number?
False
Is 338531 a prime number?
True
Is 1056841 prime?
False
Is 3259 a prime number?
True
Is 1265411 a prime number?
False
Is 53759 a prime number?
True
Is 484683 a composite number?
True
Is 111563 a composite number?
True
Is 42043 a composite number?
False
Is 18013 a prime number?
True
Is 18503 composite?
False
Is 23189 composite?
False
Is 1173803 a prime number?
True
Is 5293 prime?
False
Is 562099 a prime number?
False
Is 12373 prime?
True
Is 56081 composite?
False
Is 13045 prime?
False
Is 1593563 composite?
True
Is 236867 prime?
True
Is 280321 composite?
False
Is 2294843 a composite number?
False
Is 199271 a prime number?
False
Is 28321 a prime number?
False
Is 5257 composite?
True
Is 89501 a composite number?
False
Is 2879 a composite number?
False
Is 12307 a prime number?
False
Is 8619883 a composite number?
False
Is 8353 composite?
False
Is 2785 composite?
True
Is 452627 a prime number?
False
Is 174191 prime?
False
Is 150439 prime?
True
Is 13297 prime?
True
Is 59 composite?
False
Is 1195 composite?
True
Is 16609 a composite number?
True
Is 9983 composite?
True
Is 2413 prime?
False
Is 196739 a prime number?
True
Is 29527 prime?
True
Is 2927 a composite number?
False
Is 1543 a composite number?
False
Is 20471 a composite number?
True
Is 24733 a composite number?
False
Is 14515 a composite number?
True
Is 3357919 composite?
True
Is 11879 composite?
True
Is 10589 a prime number?
True
Is 9397 a prime number?
True
Is 57307 composite?
True
Is 10133 composite?
False
Is 51449 a composite number?
False
Is 293 a composite number?
False
Is 1140059 a composite number?
True
Is 98981 prime?
True
Is 401161 composite?
False
Is 36131 prime?
True
Is 127807 prime?
True
Is 1661579 prime?
False
Is 3247 a prime number?
False
Is 769 prime?
True
Is 127909 prime?
False
Is 218737 a prime number?
True
Is 4267 composite?
True
Is 14939 a prime number?
True
Is 665837 a composite number?
True
Is 14591 composite?
False
Is 9029 a prime number?
True
Is 10877 a prime number?
False
Is 12813 composite?
True
Is 41453 a prime number?
True
Is 64679 a prime number?
True
Is 14309 prime?
False
Is 64553 prime?
True
Is 151853 composite?
True
Is 15107 prime?
True
Is 553439 a prime number?
True
Is 1006381 a prime number?
False
Is 697 composite?
True
Is 2170045 composite?
True
Is 193639 a composite number?
True
Is 204679 a prime number?
True
Is 2657 a composite number?
False
Is 36349 a composite number?
True
Is 297223 a prime number?
False
Is 55443 composite?
True
Is 667987 a composite number?
False
Is 1461283 composite?
False
Is 1248323 a prime number?
True
Is 4837 prime?
False
Is 11677 composite?
False
Is 60163 a composite number?
True
Is 889277 prime?
False
Is 617811 prime?
False
Is 29933 prime?
False
Is 29789 a prime number?
True
Is 414361 a prime number?
True
Is 173807 a prime number?
True
Is 34313 composite?
False
Is 180043 a composite number?
False
Is 18442 a composite number?
True
Is 1709 a prime number?
True
Is 190273 prime?
False
Is 6718 composite?
True
Is 16183 composite?
False
Is 634333 a composite number?
True
Is 179293 a prime number?
False
Is 189823 a composite number?
False
Is 1039571 prime?
False
Is 910633 a prime number?
False
Is 743 prime?
True
Is 59987 a composite number?
True
Is 1076399 prime?
True
Is 11453 a composite number?
True
Is 502613 prime?
True
Is 5102539 composite?
True
Is 15439 a composite number?
False
Is 14866 a composite number?
True
Is 60263 prime?
False
Is 3427 a prime number?
False
Is 51971 a composite number?
False
Is 14299 prime?
False
Is 135319 a composite number?
False
Is 84649 composite?
False
Is 11156045 a composite number?
True
Is 100574 prime?
False
Is 5086 prime?
False
Is 18113 composite?
True
Is 848629 composite?
False
Is 9637 a composite number?
True
Is 3989 prime?
True
Is 1256429 prime?
True
Is 286157 a prime number?
False
Is 64301 composite?
False
Is 1169873 composite?
False
Is 23087 a prime number?
True
Is 148663 prime?
True
Is 1477 prime?
False
Is 369023 prime?
True
Is 336489 a composite number?
True
Is 74551 composite?
False
Is 3941293 a prime number?
True
Is 69878 a composite number?
True
Is 243889 a composite number?
False
Is 1530311 a composite number?
False
Is 80141 a composite number?
False
Is 286199 composite?
False
Is 272101 prime?
False
Is 17905 a composite number?
True
Is 99307 prime?
False
Is 42469 a composite number?
True
Is 5543 a prime number?
False
Is 46823 a prime number?
False
Is 73399 a composite number?
True
Is 139729 a composite number?
False
Is 36973 a composite number?
False
Is 39191 a prime number?
True
Is 16543 composite?
True
Is 2876261 prime?
True
Is 39737 a prime number?
False
Is 21381 a composite number?
True
Is 16619 a prime number?
True
Is 885551 a prime number?
True
Is 1439 composite?
False
Is 19 composite?
False
Is 269513 prime?
True
Is 32647 a prime number?
True
Is 558221 composite?
True
Is 4721 composite?
False
Is 108787 a prime number?
False
Is 2987 a composite number?
True
Is 60271 composite?
False
Is 489091 composite?
True
Is 1402 a composite number?
True
Is 2549315 a composite number?
True
Is 3251 a composite number?
False
Is 89137 a composite number?
False
Is 22951 prime?
False
Is 7621 prime?
True
Is 68261 a prime number?
True
Is 58711 composite?
False
Is 16843 a composite number?
False
Is 60851 prime?
False
Is 6089 a composite number?
False
Is 10529 a composite number?
False
Is 5709335 a composite number?
True
Is 102761 composite?
False
Is 18739 a composite number?
True
Is 3593 composite?
False
Is 224401 prime?
True
Is 23099 a composite number?
False
Is 7142 composite?
True
Is 158 a composite number?
True
Is 687811 prime?
False
Is 605039 a composite number?
False
Is 6437 composite?
True
Is 824377 a prime number?
False
Is 696403 prime?
True
Is 19582 composite?
True
Is 47051 composite?
False
Is 38473 a prime number?
False
Is 16361 a composite number?
False
Is 363287 prime?
False
Is 31753 a prime number?
False
Is 4711 prime?
False
Is 622777 a prime number?
True
Is 233245 a prime number?
False
Is 3499 composite?
False
Is 6067 prime?
True
Is 9427 composite?
True
Is 225653 a composite number?
True
Is 1409627 prime?
False
Is 34283 composite?
False
Is 436214 prime?
False
Is 303859 a prime number?
True
Is 2103 a composite number?
True
Is 3890847 prime?
False
Is 20469 a prime number?
False
Is 12841 prime?
True
Is 1934815 prime?
False
Is 263 prime?
True
Is 4847 a prime number?
False
Is 5903 a composite number?
False
Is 158407 composite?
False
Is 573998 a composite number?
True
Is 5737 composite?
False
Is 5039 a prime number?
True
Is 10223 a prime number?
True
Is 1043453 a prime number?
True
Is 13849 a prime number?
False
Is 23093 composite?
True
Is 877 prime?
True
Is 409 composite?
False
Is 195527 composite?
False
Is 93229 composite?
False
Is 21583 a composite number?
True
Is 2231 a prime number?
False
Is 91174 prime?
False
Is 72305 composite?
True
Is 12007 a composite number?
False
Is 18881 a prime number?
False
Is 237467 composite?
False
Is 67289 a composite number?
False
Is 197741 a prime number?
True
Is 1964617 prime?
True
Is 8567 a prime number?
False
Is 164387 composite?
False
Is 1710739 prime?
False
Is 31357 prime?
True
Is 25539 prime?
False
Is 36745 prime?
False
Is 20021 composite?
False
Is 50329 a composite number?
False
Is 2699 a prime number?
True
Is 234149 a prime number?
True
Is 78527 prime?
False
Is 565 prime?
False
Is 224583 composite?
True
Is 122887 prime?
True
Is 14173 a prime number?
True
Is 9753 prime?
False
Is 1909085 composite?
True
Is 76907 a composite number?
False
Is 1219687 composite?
True
Is 16621 composite?
True
Is 1739 a prime number?
False
Is 38015 a composite number?
True
Is 2531 prime?
True
Is 8209 a prime number?
True
Is 108497 a composite number?
False
Is 32267 composite?
True
Is 630109 prime?
False
Is 25523 composite?
False
Is 105491 prime?
True
Is 1838747 composite?
False
Is 322837 composite?
True
Is 2741 a prime number?
True
Is 7039 a composite number?
False
Is 28733 a prime number?
False
Is 155897 a composite number?
True
Is 207617 a prime number?
False
Is 639211 a prime 